posite?
True
Is 60887 a prime number?
True
Is 470579 prime?
True
Is 5483 a prime number?
True
Is 47983 prime?
False
Is 90443 composite?
True
Is 14843 a prime number?
True
Is 21247 a composite number?
False
Is 2101 a prime number?
False
Is 471463 composite?
True
Is 8197 prime?
False
Is 38495 composite?
True
Is 101389 a composite number?
True
Is 955 a composite number?
True
Is 38297 composite?
True
Is 33009 a composite number?
True
Is 85159 a prime number?
True
Is 184669 prime?
True
Is 202813 prime?
False
Is 3203 composite?
False
Is 47933 a prime number?
True
Is 118493 a prime number?
True
Is 5209 prime?
True
Is 11485 composite?
True
Is 2245427 a composite number?
False
Is 275027 composite?
False
Is 1099 composite?
True
Is 1605721 a prime number?
False
Is 623 composite?
True
Is 169733 a composite number?
False
Is 30079 a prime number?
False
Is 12761 a composite number?
True
Is 31667 composite?
False
Is 315745 prime?
False
Is 219217 a prime number?
True
Is 69313 prime?
True
Is 489217 prime?
True
Is 18217 composite?
False
Is 30553 a prime number?
True
Is 2375387 composite?
True
Is 17943 a prime number?
False
Is 167213 prime?
True
Is 6521 a prime number?
True
Is 11003 composite?
False
Is 81537 a prime number?
False
Is 3691 composite?
False
Is 799 composite?
True
Is 967 a composite number?
False
Is 14273 prime?
False
Is 507121 a prime number?
False
Is 2813 a composite number?
True
Is 4931 a composite number?
False
Is 10909 prime?
True
Is 6418 prime?
False
Is 2879 a prime number?
True
Is 865 prime?
False
Is 43093 a composite number?
False
Is 19373 a prime number?
True
Is 15947 composite?
True
Is 25379 a composite number?
True
Is 33679 composite?
False
Is 267629 prime?
True
Is 7321 composite?
False
Is 636983 composite?
False
Is 9461 prime?
True
Is 55381 composite?
False
Is 57745 a prime number?
False
Is 17287 prime?
False
Is 15986 a composite number?
True
Is 3101386 composite?
True
Is 1915 prime?
False
Is 897641 a composite number?
True
Is 163349 a prime number?
False
Is 110119 a prime number?
True
Is 495823 composite?
True
Is 235603 a composite number?
True
Is 760961 prime?
True
Is 43013 composite?
False
Is 7069 a composite number?
False
Is 421907 a composite number?
False
Is 98789 composite?
True
Is 206209 composite?
False
Is 156089 composite?
False
Is 1637 a composite number?
False
Is 21363 composite?
True
Is 7069 a prime number?
True
Is 35671 a prime number?
True
Is 9571 a prime number?
False
Is 65971 a prime number?
False
Is 6371 a composite number?
True
Is 3207 a composite number?
True
Is 197707 a composite number?
True
Is 14662 a composite number?
True
Is 227299 a prime number?
True
Is 133181 a prime number?
False
Is 46381 prime?
True
Is 7219 a prime number?
True
Is 196246 a composite number?
True
Is 6619 composite?
False
Is 49523 a prime number?
True
Is 59062 prime?
False
Is 117511 a prime number?
True
Is 55201 a prime number?
True
Is 1126381 a composite number?
False
Is 92437 a prime number?
False
Is 13355 prime?
False
Is 10589 a prime number?
True
Is 73847 a prime number?
True
Is 254 a composite number?
True
Is 10694 a prime number?
False
Is 1006 prime?
False
Is 99983 a prime number?
False
Is 1206193 composite?
True
Is 335473 composite?
False
Is 542251 a composite number?
False
Is 26615 a composite number?
True
Is 4197 a prime number?
False
Is 919141 composite?
True
Is 38803 a prime number?
True
Is 1354741 a prime number?
True
Is 18671 a composite number?
False
Is 1271903 prime?
True
Is 2305 a composite number?
True
Is 90847 a prime number?
True
Is 5951 a composite number?
True
Is 252907 a composite number?
True
Is 2119 composite?
True
Is 178169 a composite number?
False
Is 4391 a prime number?
True
Is 45377 prime?
True
Is 2735 a composite number?
True
Is 6421873 prime?
True
Is 9239 prime?
True
Is 15421 composite?
True
Is 681943 a composite number?
False
Is 47563 a composite number?
False
Is 290965 a composite number?
True
Is 24439 a composite number?
False
Is 1657 a composite number?
False
Is 13499 composite?
False
Is 54061 a composite number?
True
Is 1741 a prime number?
True
Is 96361 prime?
False
Is 237687 prime?
False
Is 17657 a composite number?
False
Is 452201 a prime number?
True
Is 840467 a prime number?
True
Is 93851 a composite number?
False
Is 34909 a prime number?
False
Is 5749 prime?
True
Is 97649 prime?
True
Is 323063 composite?
True
Is 17527 a composite number?
True
Is 75729 composite?
True
Is 19841 composite?
False
Is 68979 a prime number?
False
Is 184181 a composite number?
False
Is 5147 prime?
True
Is 3023017 composite?
False
Is 80651 prime?
True
Is 163699 prime?
False
Is 445327 prime?
False
Is 24355 a prime number?
False
Is 50459 composite?
False
Is 7309 a composite number?
False
Is 1087 a composite number?
False
Is 75821 a composite number?
False
Is 25697 a composite number?
True
Is 18229 composite?
False
Is 59341 composite?
False
Is 23099 composite?
False
Is 1058159 composite?
True
Is 231573 composite?
True
Is 196739 composite?
False
Is 54613 a composite number?
True
Is 1981651 composite?
True
Is 354001 a prime number?
True
Is 13963 a prime number?
True
Is 325391 prime?
False
Is 7499 a prime number?
True
Is 7327 prime?
False
Is 196367 prime?
False
Is 715687 composite?
True
Is 36617 prime?
False
Is 488247 a prime number?
False
Is 55507 composite?
True
Is 197231 composite?
True
Is 11465 prime?
False
Is 37939 composite?
True
Is 676505 a prime number?
False
Is 484577 a prime number?
True
Is 9301 a prime number?
False
Is 4555 prime?
False
Is 1639 prime?
False
Is 627709 a prime number?
True
Is 224689 a prime number?
False
Is 90065 composite?
True
Is 37495 a composite number?
True
Is 1057 a prime number?
False
Is 71741 composite?
False
Is 414521 a composite number?
False
Is 348233 composite?
True
Is 223703 a composite number?
True
Is 1087 a composite number?
False
Is 1451 a composite number?
False
Is 162671 a prime number?
True
Is 4806127 a composite number?
False
Is 94649 prime?
True
Is 2321 a composite number?
True
Is 7039 composite?
False
Is 6547 prime?
True
Is 626399 a composite number?
True
Is 10529 a prime number?
True
Is 212281 prime?
True
Is 6093121 a composite number?
False
Is 18353 composite?
False
Is 169651 composite?
True
Is 15191 prime?
False
Is 847471 composite?
True
Is 26293 prime?
True
Is 117761 a prime number?
False
Is 70429 composite?
False
Is 22531 composite?
False
Is 91909 a prime number?
True
Is 55987 composite?
False
Is 216743 a prime number?
True
Is 368462 a prime number?
False
Is 73819 a prime number?
True
Is 1056911 prime?
True
Is 1693 prime?
True
Is 95871 prime?
False
Is 3348767 composite?
False
Is 5963 prime?
False
Is 29269 prime?
True
Is 422689 composite?
False
Is 25693 a composite number?
False
Is 273613 prime?
True
Is 34249 a prime number?
False
Is 91489 a prime number?
False
Is 26294 composite?
True
Is 6193 prime?
False
Is 5147 a composite number?
False
Is 355187 a prime number?
False
Is 717 a composite number?
True
Is 55087 a prime number?
False
Is 12959 composite?
False
Is 7057 composite?
False
Is 565237 prime?
True
Is 753614 a composite number?
True
Is 20789 a prime number?
True
Is 343997 a prime number?
True
Is 44553 prime?
False
Is 14431 a prime number?
True
Is 12323 prime?
True
Is 76957 prime?
False
Is 131907 a prime number?
False
Is 152111 a composite number?
False
Is 28849 a prime number?
False
Is 4357 a composite number?
False
Is 245773 a prime number?
False
Is 51067 a composite number?
True
Is 262271 composite?
False
Is 8711 prime?
False
Is 39499 prime?
True
Is 6583 composite?
True
Is 2962 a prime number?
False
Is 34955 a composite number?
True
Is 48943 a composite number?
True
Is 2471 a composite number?
True
Is 230305 prime?
False
Is 509579 composite?
True
Is 494579 a prime number?
False
Is 49133 a composite number?
True
Is 14519 prime?
True
Is 312527 a prime number?
True
Is 22511 composite?
False
Is 286619 prime?
True
Is 24361 a prime number?
False
Is 8663 a prime number?
True
Is 301831 a composite number?
False
Is 1931 prime?
True
Is 580838 prime?
False
Is 128651 a prime number?
False
Is 33973 a prime number?
False
Is 2111 composite?
False
Is 6449 a composite number?
False
Is 2972669 a composite number?
True
Is 84589 a composite number?
False
Is 253 prime?
False
Is 23915 a compo